of 77022?
2
What is the units digit of 7304279?
9
What is the hundred thousands digit of 888856?
8
What is the hundred thousands digit of 2164033?
1
What is the hundreds digit of 1093409?
4
What is the hundred thousands digit of 614478?
6
What is the units digit of 3574197?
7
What is the millions digit of 1142520?
1
What is the hundred thousands digit of 840502?
8
What is the units digit of 3434306?
6
What is the tens digit of 268629?
2
What is the hundreds digit of 69121?
1
What is the hundreds digit of 290502?
5
What is the ten thousands digit of 752371?
5
What is the tens digit of 140368?
6
What is the thousands digit of 1621962?
1
What is the units digit of 82064?
4
What is the ten thousands digit of 5277936?
7
What is the ten thousands digit of 4767310?
6
What is the hundreds digit of 27233?
2
What is the hundreds digit of 208813?
8
What is the ten thousands digit of 415124?
1
What is the units digit of 674849?
9
What is the hundreds digit of 116529?
5
What is the thousands digit of 7137176?
7
What is the millions digit of 8858103?
8
What is the ten thousands digit of 317362?
1
What is the tens digit of 8987734?
3
What is the tens digit of 1238245?
4
What is the ten thousands digit of 6034733?
3
What is the hundreds digit of 6902777?
7
What is the ten millions digit of 13617058?
1
What is the millions digit of 1744721?
1
What is the hundreds digit of 36268?
2
What is the thousands digit of 19649?
9
What is the hundreds digit of 3126617?
6
What is the ten thousands digit of 82784?
8
What is the hundred thousands digit of 225670?
2
What is the hundreds digit of 187824?
8
What is the ten thousands digit of 12332370?
3
What is the hundreds digit of 33846?
8
What is the thousands digit of 5570503?
0
What is the ten thousands digit of 58960?
5
What is the ten thousands digit of 15938524?
3
What is the units digit of 2165650?
0
What is the thousands digit of 72027?
2
What is the tens digit of 710788?
8
What is the thousands digit of 1448948?
8
What is the tens digit of 278420?
2
What is the hundred thousands digit of 108382?
1
What is the units digit of 723620?
0
What is the hundred thousands digit of 13894468?
8
What is the thousands digit of 120501?
0
What is the thousands digit of 138522?
8
What is the thousands digit of 395507?
5
What is the hundred thousands digit of 15872080?
8
What is the ten thousands digit of 2927158?
2
What is the hundreds digit of 1118753?
7
What is the ten thousands digit of 509908?
0
What is the hundred thousands digit of 164110?
1
What is the thousands digit of 406353?
6
What is the hundreds digit of 137352?
3
What is the units digit of 850816?
6
What is the thousands digit of 924770?
4
What is the units digit of 18879027?
7
What is the thousands digit of 88496?
8
What is the ten millions digit of 13202419?
1
What is the units digit of 13734731?
1
What is the tens digit of 23244456?
5
What is the hundred thousands digit of 679305?
6
What is the units digit of 2314536?
6
What is the units digit of 36019?
9
What is the millions digit of 6306659?
6
What is the thousands digit of 2216611?
6
What is the hundreds digit of 4778411?
4
What is the hundred thousands digit of 557288?
5
What is the ten millions digit of 15445750?
1
What is the units digit of 5917245?
5
What is the tens digit of 289559?
5
What is the hundreds digit of 1213589?
5
What is the hundred thousands digit of 3807334?
8
What is the tens digit of 2244080?
8
What is the thousands digit of 441965?
1
What is the hundreds digit of 4962698?
6
What is the ten thousands digit of 178475?
7
What is the hundred thousands digit of 1279317?
2
What is the millions digit of 2296929?
2
What is the ten thousands digit of 525476?
2
What is the units digit of 633132?
2
What is the units digit of 471904?
4
What is the thousands digit of 192326?
2
What is the tens digit of 2942641?
4
What is the tens digit of 2640573?
7
What is the hundreds digit of 263250?
2
What is the tens digit of 1866?
6
What is the units digit of 319003?
3
What is the hundreds digit of 12320?
3
What is the units digit of 671206?
6
What is the hundred thousands digit of 101959?
1
What is the millions digit of 2676831?
2
What is the tens digit of 17440252?
5
What is the units digit of 517024?
4
What is the hundreds digit of 1496322?
3
What is the tens digit of 10442539?
3
What is the ten millions digit of 12369394?
1
What is the thousands digit of 1673284?
3
What is the units digit of 266381?
1
What is the tens digit of 7268469?
6
What is the hundreds digit of 168078?
0
What is the units digit of 1430387?
7
What is the thousands digit of 389918?
9
What is the thousands digit of 563608?
3
What is the units digit of 442034?
4
What is the hundred thousands digit of 142469?
1
What is the thousands digit of 967325?
7
What is the ten thousands digit of 796131?
9
What is the millions digit of 10329912?
0
What is the ten thousands digit of 5425035?
2
What is the thousands digit of 2791797?
1
What is the tens digit of 2477779?
7
What is the units digit of 7511528?
8
What is the thousands digit of 25372250?
2
What is the hundreds digit of 10475?
4
What is the ten thousands digit of 971133?
7
What is the units digit of 1915235?
5
What is the hundreds digit of 18977?
9
What is the tens digit of 5761796?
9
What is the hundreds digit of 120353?
3
What is the thousands digit of 850179?
0
What is the units digit of 4864837?
7
What is the hundred thousands digit of 902780?
9
What is the tens digit of 13760202?
0
What is the hundreds digit of 1923587?
5
What is the units digit of 31551?
1
What is the ten thousands digit of 5706168?
0
What is the tens digit of 547355?
5
What is the ten thousands digit of 3169929?
6
What is the hundreds digit of 379017?
0
What is the hundreds digit of 5075451?
4
What is the millions digit of 1716941?
1
What is the units digit of 1549944?
4
What is the hundred thousands digit of 187988?
1
What is the thousands digit of 850030?
0
What is the hundred thousands digit of 4475494?
4
What is the tens digit of 2035048?
4
What is the thousands digit of 240713?
0
What is the units digit of 124728?
8
What is the units digit of 431120?
0
What is the tens digit of 1895282?
8
What is the ten thousands digit of 31896732?
9
What is the tens digit of 358673?
7
What is the tens digit of 251456?
5
What is the units digit of 294164?
4
What is the thousands digit of 1484585?
4
What is the thousands digit of 2727003?
7
What is the hundreds digit of 3994691?
6
What is the hundred thousands digit of 1101388?
1
What is the units digit of 25920694?
4
What is the ten thousands digit of 439502?
3
What is the tens digit of 3477751?
5
What is the units digit of 733783?
3
What is the ten thousands digit of 1683996?
8
What is the hundreds digit of 8757926?
9
What is the ten thousands digit of 2885778?
8
What is the ten thousands digit of 9812748?
1
What is the thousands digit of 214623?
4
What is the thousands digit of 5293564?
3
What is the units digit of 3550564?
4
What is the tens digit of 1795357?
5
What is the hundred thousands digit of 252826?
2
What is the units digit of 1926444?
4
What is the units digit of 2550157?
7
What is the hundreds digit of 253145?
1
What is the thousands digit of 8304406?
4
What is the hundreds digit of 6001162?
1
What is the hundreds digit of 489592?
5
What is the units digit of 33091371?
1
What is the tens digit of 4187673?
7
What is the units digit of 982571?
1
What is the hundred thousands digit of 964413?
9
What is the thousands digit of 3854312?
4
What is the hundreds digit of 3193956?
9
What is the thousands digit of 533062?
3
What is the hundreds digit of 1744112?
1
What is the hundreds digit of 6437186?
1
What is the units digit of 5391987?
7
What is the hundreds digit of 4406108?
1
What is the units digit of 3192201?
1
What is the units digit of 669061?
1
What is the tens digit of 1459174?
7
What is the hundreds digit of 122448?
4
What is the hundred thousands digit of 2042195?
0
What is the hundred thousands digit of 6042981?
0
What is the millions digit of 4840260?
4
What is the thousands digit of 127586?
7
What is the hundreds digit of 1032945?
9
What is the thousands digit of 31224214?
4
What is the hundred thousands digit of 1634517?
6
What is the hundred thousands dig